27415046 a multiple of 3066?
True
Is 144 a factor of 89634915?
False
Is 354989218 a multiple of 2204?
False
Does 106 divide 31684566?
True
Does 433 divide 991038276?
True
Does 1258 divide 55590239?
False
Is 26 a factor of 995527286?
True
Does 458 divide 166179962?
False
Is 229 a factor of 782757724?
True
Does 60 divide 135817980?
True
Is 4 a factor of 1262692276?
True
Does 279 divide 267643305?
True
Is 3 a factor of 128069950?
False
Does 202 divide 974834224?
True
Does 16 divide 1839473446?
False
Is 16 a factor of 5666251465?
False
Does 9 divide 11743560?
True
Is 39579321 a multiple of 29?
False
Is 82429444 even?
True
Is 160153140 a multiple of 969?
False
Is 5376336 a multiple of 21?
True
Is 3 a factor of 32194883?
False
Is 6159681 a multiple of 33?
True
Is 234161766 a multiple of 6?
True
Is 491460770 a multiple of 10?
True
Does 2297 divide 554564710?
True
Is 40 a factor of 479076440?
True
Is 62116834 a multiple of 446?
False
Does 347 divide 82126616?
False
Is 8 a factor of 1606637?
False
Is 1054637233 a multiple of 7249?
False
Is 138 a factor of 685411690?
False
Does 22 divide 331657788?
True
Is 180 a factor of 2613686?
False
Is 40204217 a multiple of 68?
False
Does 229 divide 970238299?
False
Is 379 a factor of 556534212?
True
Is 31 a factor of 77517453?
True
Does 3 divide 6803518?
False
Is 99 a factor of 105955754?
False
Is 627 a factor of 98055276?
True
Does 703 divide 4239263?
False
Is 30431865 a multiple of 1545?
True
Is 4 a factor of 11153424?
True
Is 431 a factor of 219423824?
True
Is 37 a factor of 14905061?
False
Is 1545 a factor of 211747115?
False
Does 435 divide 494779742?
False
Is 369 a factor of 37477407?
False
Is 231775414 a multiple of 46?
False
Is 367199244 a multiple of 28?
False
Is 465 a factor of 100134789?
False
Does 385 divide 758645185?
False
Is 443129960 a multiple of 56?
True
Is 2915068 a multiple of 329?
False
Is 146 a factor of 1889854952?
True
Does 5 divide 82127442?
False
Does 500 divide 1078000?
True
Does 4 divide 8351325?
False
Is 860 a factor of 833897613?
False
Is 36383742 a multiple of 4?
False
Does 13 divide 42125103?
False
Does 15 divide 45065429?
False
Is 427154269 a multiple of 127?
False
Is 15541425 a multiple of 537?
False
Is 140 a factor of 7577217?
False
Does 132 divide 1360610910?
False
Does 221 divide 56520433?
False
Is 32 a factor of 5186385?
False
Does 141 divide 42908979?
True
Is 60397200 a multiple of 1200?
True
Is 30705480 a multiple of 12?
True
Is 6800778 a multiple of 9?
True
Does 246 divide 25121028?
True
Is 1018480552 a multiple of 16?
False
Is 568 a factor of 1751253624?
True
Is 45 a factor of 127644075?
True
Is 12782198 a multiple of 17?
True
Does 155 divide 6872272?
False
Does 31 divide 1256730948?
True
Does 323 divide 38279053?
True
Is 418014240 a multiple of 47?
True
Is 323028063 a multiple of 50?
False
Is 10055881 a multiple of 2668?
False
Does 18 divide 1538008?
False
Is 1475 a factor of 84794800?
True
Does 6 divide 54125540?
False
Is 24 a factor of 678388992?
True
Does 6359 divide 814856481?
False
Is 815 a factor of 37211374?
False
Is 2564345257 a multiple of 759?
False
Is 948828562 a multiple of 7166?
True
Is 7799680 a multiple of 56?
True
Does 378 divide 850050528?
False
Does 45 divide 10409820?
False
Is 392 a factor of 4741735880?
True
Is 20228198 a multiple of 105?
False
Does 3264 divide 71625216?
True
Does 8 divide 727580579?
False
Is 85 a factor of 1156585981?
False
Does 684 divide 31693824?
True
Is 155012980 a multiple of 37?
True
Is 1027 a factor of 147719572?
True
Does 4 divide 5898115?
False
Is 244 a factor of 197932493?
False
Does 11 divide 518580964?
True
Is 213 a factor of 45957945?
True
Is 701 a factor of 32355356?
True
Is 122711064 a multiple of 1132?
True
Is 123978096 a multiple of 328?
True
Does 35 divide 144697206?
False
Is 3516046548 a multiple of 294?
True
Is 239 a factor of 251083725?
False
Is 185543432 a multiple of 145?
False
Is 1423687900 a multiple of 10?
True
Is 9 a factor of 72010676?
False
Does 53 divide 2087488581?
True
Is 49765538 a multiple of 8?
False
Is 37602693 a multiple of 111?
True
Is 25120145 a multiple of 265?
True
Is 158189209 a multiple of 7611?
False
Does 25 divide 3028385375?
True
Is 122 a factor of 1313895950?
False
Is 25679790 a multiple of 29?
True
Is 75949969 even?
False
Does 26 divide 391569906?
True
Does 12 divide 27448764?
True
Does 210 divide 3405455?
False
Is 2508461 a multiple of 11?
False
Is 14 a factor of 3289985552?
True
Does 6 divide 6260447?
False
Is 99 a factor of 182977245?
True
Is 141428470 a multiple of 2885?
True
Is 27 a factor of 5571315?
True
Does 308 divide 34891127?
False
Is 1326620 a multiple of 10?
True
Is 82645971 a multiple of 97?
False
Is 32749500 a multiple of 6?
True
Is 104 a factor of 15961797?
False
Does 3 divide 110878293?
True
Does 45 divide 17308710?
True
Is 250212548 a multiple of 19?
False
Is 33504932 a multiple of 232?
False
Does 11 divide 245372699?
True
Does 316 divide 17817976?
True
Does 212 divide 371033920?
True
Is 6968 a factor of 5156867376?
False
Does 234 divide 41324637?
False
Is 16 a factor of 171578196?
False
Is 89785098 a multiple of 13?
True
Does 116 divide 91907728?
True
Is 190137 a multiple of 183?
True
Does 7 divide 2990583616?
False
Is 3327633015 a multiple of 105?
True
Does 128 divide 29928063?
False
Is 208685970 a multiple of 314?
True
Is 54154520 a multiple of 35?
True
Does 3086 divide 7091628?
True
Does 2521 divide 2670456273?
False
Is 1662790890 a multiple of 2270?
True
Is 2452731 a multiple of 741?
False
Is 210 a factor of 389586972?
False
Is 1150 a factor of 1732736231?
False
Is 5 a factor of 6546264?
False
Is 28348108 a multiple of 517?
False
Is 126346446 a multiple of 388?
False
Is 68231766 a multiple of 906?
True
Is 917109062 a multiple of 28?
False
Is 308 a factor of 824286848?
True
Is 580 a factor of 28566160?
True
Is 9 a factor of 41816844?
True
Is 12475189 a multiple of 2341?
True
Does 98 divide 20943160?
False
Is 92 a factor of 1107823401?
False
Does 10 divide 422168966?
False
Is 537590845 a multiple of 4?
False
Does 32 divide 38154176?
True
Is 28951112 a multiple of 2116?
True
Is 89094059 a multiple of 17?
True
Is 54 a factor of 364221198?
True
Is 37 a factor of 34230550?
True
Is 106789241 a multiple of 13?
True
Is 22941094 a multiple of 142?
True
Is 201575660 a multiple of 143?
True
Is 2012315080 a multiple of 1679?
True
Is 884 a factor of 222793808?
False
Is 87730572 a multiple of 6?
True
Does 189 divide 463746465?
True
Is 20944474 a multiple of 374?
False
Does 25 divide 21445075?
True
Is 2232922599 a multiple of 11?
False
Is 1880291309 a multiple of 11154?
False
Does 334 divide 828531?
False
Is 965 a factor of 972114871?
False
Is 216004184 a multiple of 76?
False
Is 11266 a factor of 2312932332?
True
Does 110 divide 80816066?
False
Is 1967291106 a multiple of 66?
True
Is 34 a factor of 20733608?
True
Is 470 a factor of 956413340?
True
Does 280 divide 36991360?
True
Does 57 divide 56375451?
True
Is 14033538 a multiple of 13?
False
Is 927 a factor of 1330603749?
True
Is 113677293 a multiple of 69?
True
Is 1771 a factor of 189930998?
False
Is 132 a factor of 76534712?
False
Does 37 divide 64100332?
False
Does 438 divide 88201812?
True
Is 38234546 a multiple of 388?
False
Is 16 a factor of 217650208?
True
Is 321 a factor of 265102665?
True
Is 4090320 a multiple of 230?
True
Is 219636888 a multiple of 4556?
False
Does 70 divide 85833020?
True
Does 19 divide 61170083?
False
Is 5047010102 a multiple of 8929?
True
Does 1274 divide 130451230?
True
Is 565480200 a multiple of 41?
True
Does 121 divide 468122743?
True
Is 228555599 a multiple of 23?
False
Does 89 divide 319743601?
False
Does 76 divide 27204028?
False
Is 52292475 a multiple of 15?
True
Does 492 divide 255109872?
True
Does 91 divide 998634?
True
Is 7936419 a multiple of 9?
False
Does 12 divide 114111132?
True
Does 16 divide 39957225?
False
Is 5 a factor of 56454216?
False
Is 60517935 a multiple of 190?
False
Is 481591698 a multiple of 10?
False
Does 18 divide 15092695?
False
Does 78 divide 3370272?
False
Does 374 divide 312856610?
True
Is 496 a factor of 705332370?
False
Is 367557621 a multiple of 5?
False
Is 153 a factor of 1006679565?
True
Does 65 divide 240837220?
True
Is 2 a factor of 254377065?
False
Is 21